nd 38?
19
Let o be (-18)/4*(172/(-215))/((-4)/(-10)). Suppose -3*u = -5*u + 36. What is the highest common divisor of o and u?
9
Let g be 180/(-405) - 193/(-9). What is the highest common divisor of 126 and g?
21
Let n = 87 - -3. Calculate the greatest common divisor of 135 and n.
45
Let h be (-69)/(5*30/(-250)). Calculate the highest common divisor of 5 and h.
5
Suppose -5*r - 4*f + 416 = 0, -4*r - 148 = -f - 485. Calculate the greatest common factor of r and 12.
12
Let y = -22 + 22. Suppose 7*l - 4*l - 6 = y. Suppose -3 = -n, -4*b + 34 = b + 3*n. What is the highest common divisor of l and b?
1
Suppose 6 = -3*l, d + 4*l = 2*d - 46. Let b be 38/(-6)*(1 + -4). What is the greatest common divisor of b and d?
19
Let p be (-9)/(-5) - (-6)/30. Let t = 0 + 2. Let z(i) = 5*i**2 - 2*i + 2. Let j be z(t). Calculate the highest common factor of j and p.
2
Suppose -15*t - 240 = -1200. Calculate the highest common factor of t and 288.
32
Let d be 95 + (-100)/35 + (-18)/(-21). Calculate the greatest common divisor of d and 403.
31
Suppose 0 = 5*g + 20, -2*g - 3*g = -3*r + 26. Suppose 4*t - r*t = 20. What is the greatest common divisor of 2 and t?
2
Let w(c) = c**2 + 4. Let j be w(0). Suppose 42 = 3*u + 3*g, j*u = -0*g - 5*g + 58. What is the highest common factor of 8 and u?
4
Let q(a) = -2*a**3 - 2*a**2 + a + 225. Let z be q(0). Calculate the highest common divisor of z and 25.
25
Suppose -4*z - 65 = -9*z. Let q be 225/(-30)*(1 - z). Suppose -4*n + 24 + 12 = 0. Calculate the greatest common factor of n and q.
9
Let k(v) = -v**3 + 5*v**2 - 2*v + 2. Suppose -3*b = g - 6*g + 8, 5*g = 20. Let d be k(b). What is the highest common factor of d and 20?
10
Let x = 424 - 118. Suppose 19*y + 126 = 4*o + 24*y, -o + y + 36 = 0. What is the greatest common factor of x and o?
34
Let w be (-75)/6*(-5)/((-15)/(-6)). Let v(a) = -2*a**3 + 8*a**2 - 2*a - 4. Let j be v(6). Let s = j - -235. What is the highest common divisor of w and s?
25
Suppose -3*w = -0*w - 144. Let d = w + -45. Calculate the greatest common divisor of 24 and d.
3
Let h = -1 - -2. Suppose 39*v - 247 - 26 = 0. What is the greatest common factor of h and v?
1
Let q be 1 + (-1 - 3)*42/24. Let h be -2*q/1*70/21. What is the greatest common divisor of 320 and h?
40
Let q(g) = 51*g - 6. Let c be q(4). Let a be 2/(-6)*(-22 - 8). Suppose 0 = a*z - 110 - 70. What is the highest common factor of c and z?
18
Let c(t) = -7*t - 7. Let i be c(-20). Calculate the greatest common divisor of i and 19.
19
Suppose 10*i + 4*z = 15*i - 39, -2*i + 34 = 3*z. What is the highest common divisor of 121 and i?
11
Let k(b) = -b**3 + 14*b**2 + 4*b - 29. Let s = -53 - -67. Let w be k(s). What is the highest common divisor of 36 and w?
9
Suppose -3*r + 292 - 52 = 0. Suppose -x + 60 = -3*x. Let f be x/4*(-32)/12. What is the highest common divisor of f and r?
20
Let y be 17/(3 - 5/2). Suppose -y*w + 38*w - 24 = 0. What is the greatest common factor of w and 15?
3
Let d(x) = 132*x + 63. Let q be d(2). Calculate the highest common divisor of 3 and q.
3
Suppose 0 = 4*s - 468 - 532. Calculate the greatest common divisor of s and 875.
125
Suppose 0 = 5*b - 29 + 4. Let f be (b - 3)*(-7)/(-2). Suppose -5 + 2 = r + 2*p, 3*p + 8 = -r. Calculate the highest common factor of r and f.
7
Suppose -61 = -3*h + l + 775, -544 = -2*h + 4*l. Suppose 0 = -2*q + q - h. Let j be q/12*(-18)/4. Calculate the highest common divisor of j and 42.
21
Suppose -5*l = -0 + 15. Let j be (-1)/4*(0/l + -12). Calculate the highest common factor of 1 and j.
1
Let d be (-1)/(-3) + (-981)/27. Let i be (d/(-30))/(6/40). What is the highest common factor of i and 12?
4
Let p be 14 + (9/3 - 5). Suppose -q = -2*x + 2, x + q + 3*q - 1 = 0. Let c be x/(-3) - (-60)/18. What is the greatest common divisor of p and c?
3
Let u(w) = w**3 + 11*w**2 - 49*w - 490. Let t be u(-11). What is the highest common factor of t and 1715?
49
Let k = -399 + 441. Calculate the greatest common factor of 266 and k.
14
Suppose -59 + 267 = 8*w. What is the highest common divisor of w and 377?
13
Let m(i) = -i**2 + 17*i + 5. Let r be 16/4 + (2 - -10). Let c be m(r). Calculate the highest common factor of 147 and c.
21
Let p be (3*3/4)/((-153)/2856). Let u be 3/(1 + (0 - (-39)/p)). Calculate the greatest common factor of u and 14.
14
Let r be ((-92)/(-20) - 1)/((-2)/(-15)). Calculate the greatest common divisor of 3 and r.
3
Suppose 7 = 8*m - 9. Suppose -t + 49 = -m*a, -4*a = 2*t - 0*t - 122. Calculate the highest common factor of 11 and t.
11
Suppose 20 + 18 = -2*j. Let k = -19 - j. Suppose 2*u = -k*u + 34. What is the greatest common factor of 17 and u?
17
Suppose 2*p + 4 = 0, -3*x = -0*x - p - 86. Suppose -k + 3*k - x = -b, -2*k + 2 = 0. Let s = 392 + -106. Calculate the greatest common factor of b and s.
26
Let t(n) = n**3 + 3*n**2 - 8*n - 11. Let j be t(-6). Let r = 84 + j. What is the highest common divisor of r and 13?
13
Let m(t) = -t**2 - 5*t + 2. Let b be (-2 + -3)*4/4. Let c be m(b). Suppose c*h - 5 + 1 = 0. Calculate the greatest common divisor of 8 and h.
2
Let r(b) = -2*b**3 + 2*b**2 - b. Let t be r(1). Let i be (1*t)/(1/(-77)). Let a be -2*(-117)/34 - (-114)/969. What is the highest common divisor of a and i?
7
Let t(f) = -f**3 + 14*f**2 + 16. Let n(b) = 3*b**2 + 9*b + 2. Let c be n(-4). Let l be t(c). Calculate the greatest common divisor of 16 and l.
16
Let l(x) be the first derivative of -x**4/4 - 4*x**3/3 - 3*x**2/2 - 3*x - 4. Let s be l(-4). What is the highest common divisor of s and 36?
9
Suppose -327 = 4*i - 39. Let l = -40 + i. Let j = 187 + l. Calculate the greatest common factor of j and 30.
15
Let g = -19 + 7. Let t = 22 + g. Suppose 40 = -2*x + 4*x. Calculate the highest common factor of t and x.
10
Let o be 39/13 + 2*-1 + 18. What is the highest common factor of o and 152?
19
Let j be (22 + 11)*(-2)/6. Let c = -9 - j. Suppose -c*p = -3*p + 6. What is the highest common divisor of p and 48?
6
Suppose -54*r + 108*r = 2754. What is the highest common factor of r and 697?
17
Suppose 4*z = -3*d + 1636, 2*z + d - 1139 = -323. What is the greatest common divisor of z and 28?
14
Let w(c) = -c**2 + 36*c + 521. Let q be w(47). Let v(s) = -s + 28. Let l be v(0). What is the greatest common divisor of q and l?
4
Let n be (1*-8)/((-4)/(-28)). Let p be (-5 + 1 + 3)/(4/n). Calculate the greatest common factor of 2 and p.
2
Let y = 35 - 39. Let g be -1*(-32 - 1) + y. Let s = -149 + 352. What is the highest common factor of g and s?
29
Let u(k) = 7*k - 23. Suppose -2*g + 2*j = -6, 27 = g + 5*j - 0. Let s be u(g). Suppose -s = -4*h + 10. Calculate the greatest common factor of 81 and h.
9
Suppose -5 + 17 = a. What is the highest common divisor of a and 30?
6
Let t be 36/(-6) + 109 - -5. What is the highest common divisor of t and 12?
12
Let q be (-1080)/48*256/(-10). Calculate the greatest common divisor of 27 and q.
9
Suppose -2*s + s = 5*g - 8, -4*s = 3*g - 15. What is the greatest common divisor of g and 83?
1
Suppose -3*o = -y - 317, -45*o - 3*y - 216 = -47*o. What is the greatest common factor of 30 and o?
15
Suppose 12*k - 81 - 495 = 0. What is the highest common divisor of 12 and k?
12
Let j be (0 + -3)*16/(-24). Suppose 0 = -j*i + 18 - 10. What is the highest common factor of 2 and i?
2
Let q(c) = -7*c + 289. Let g be q(37). Calculate the highest common divisor of 640 and g.
10
Let d(w) = -22*w + 53. Let l be d(2). What is the greatest common divisor of l and 63?
9
Let x be 10 + 185 + 11 + -6. Calculate the highest common factor of x and 136.
8
Suppose 10 + 5 = 3*w, 2*v = 4*w - 76. Let f = 36 + v. Let h be (f + 0)/(2/3). Calculate the greatest common divisor of h and 12.
12
Let o(r) = -r**3 - 4*r**2 + 4*r - 8. Suppose 3*f + 8 = -10. Let c be o(f). Suppose 3*y - 59 = c. What is the highest common factor of y and 3?
3
Let t = 419 + -276. Calculate the greatest common divisor of 39 and t.
13
Suppose 0 = 4*p + h - 92, -5*p + 115 = 3*h - h. Suppose p = 2*v + 5. Calculate the greatest common divisor of 3 and v.
3
Suppose 0 = n + 4*n - 440. Let v(s) = 3*s**2 + 3*s - 10. Let p be v(-3). What is the greatest common divisor of n and p?
8
Let v(a) be the first derivative of a**3/3 + 13*a - 7. Let s be v(0). Suppose -s = -c - 1. What is the greatest common factor of c and 96?
12
Let f(c) = -